425 a multiple of 27?
True
Does 41 divide 837?
False
Is 851 a multiple of 40?
False
Is 14950 a multiple of 65?
True
Is 187 a multiple of 23?
False
Does 13 divide 315?
False
Is 735 a multiple of 49?
True
Is 8 a factor of 1506?
False
Does 127 divide 762?
True
Is 42 a factor of 4704?
True
Does 14 divide 9167?
False
Is 103 a factor of 685?
False
Is 26 a factor of 1768?
True
Does 8 divide 66050?
False
Does 59 divide 9556?
False
Is 15 a factor of 15584?
False
Is 8 a factor of 3448?
True
Is 908 a multiple of 57?
False
Is 1847 a multiple of 59?
False
Is 17671 a multiple of 146?
False
Is 21 a factor of 1449?
True
Does 89 divide 701?
False
Is 3538 a multiple of 7?
False
Is 6253 a multiple of 37?
True
Is 6 a factor of 2988?
True
Is 97 a factor of 49664?
True
Is 196 a factor of 56053?
False
Is 37 a factor of 11641?
False
Does 24 divide 2616?
True
Does 47 divide 213?
False
Does 77 divide 7777?
True
Is 442 a multiple of 13?
True
Is 115 a factor of 2160?
False
Does 7 divide 34167?
True
Is 4253 a multiple of 3?
False
Is 13546 a multiple of 13?
True
Is 10 a factor of 6774?
False
Is 11 a factor of 2584?
False
Is 5229 a multiple of 109?
False
Does 6 divide 20808?
True
Is 39 a factor of 7502?
False
Is 2573 a multiple of 30?
False
Does 30 divide 22560?
True
Is 12 a factor of 1179?
False
Does 4 divide 87?
False
Is 182 a multiple of 13?
True
Does 13 divide 5772?
True
Does 4 divide 196?
True
Is 107 a factor of 1276?
False
Is 2490 a multiple of 15?
True
Is 811 a multiple of 12?
False
Does 50 divide 34300?
True
Is 38 a factor of 45?
False
Does 14 divide 32499?
False
Is 286 a multiple of 11?
True
Does 34 divide 2230?
False
Is 64 a factor of 11264?
True
Is 2476 a multiple of 23?
False
Is 270 a multiple of 10?
True
Is 39 a factor of 5090?
False
Is 13835 a multiple of 92?
False
Is 4657 a multiple of 26?
False
Is 9486 a multiple of 9?
True
Is 32145 a multiple of 35?
False
Does 15 divide 9870?
True
Is 762 a multiple of 20?
False
Is 27 a factor of 7938?
True
Is 73 a factor of 3703?
False
Is 9 a factor of 565?
False
Is 21 a factor of 50022?
True
Is 940 a multiple of 47?
True
Does 33 divide 919?
False
Is 11487 a multiple of 7?
True
Does 38 divide 6970?
False
Is 115 a multiple of 16?
False
Does 44 divide 41096?
True
Is 12 a factor of 264?
True
Does 65 divide 70243?
False
Does 64 divide 1792?
True
Is 622 a multiple of 3?
False
Is 6264 a multiple of 115?
False
Does 59 divide 5251?
True
Does 135 divide 675?
True
Is 3683 a multiple of 49?
False
Is 1126 a multiple of 14?
False
Is 5 a factor of 312?
False
Is 12768 a multiple of 266?
True
Is 8 a factor of 1175?
False
Is 33425 a multiple of 175?
True
Does 242 divide 10538?
False
Does 9 divide 481?
False
Is 30 a factor of 1213?
False
Is 1133 a multiple of 60?
False
Is 15161 a multiple of 3?
False
Is 91 a factor of 2820?
False
Is 17 a factor of 68?
True
Is 1742 a multiple of 82?
False
Is 5 a factor of 1120?
True
Is 28 a factor of 19941?
False
Is 1413 a multiple of 9?
True
Does 16 divide 974?
False
Is 441 a multiple of 59?
False
Does 41 divide 1675?
False
Does 15 divide 305?
False
Is 61 a factor of 3297?
False
Is 4265 a multiple of 43?
False
Is 218 a multiple of 12?
False
Does 154 divide 14630?
True
Is 5947 a multiple of 3?
False
Does 12 divide 2772?
True
Does 2 divide 1074?
True
Is 19844 a multiple of 5?
False
Does 22 divide 13816?
True
Does 16 divide 1216?
True
Is 42750 a multiple of 171?
True
Is 16 a factor of 1271?
False
Is 12236 a multiple of 161?
True
Does 47 divide 2350?
True
Does 10 divide 65908?
False
Is 15 a factor of 1005?
True
Is 47 a factor of 706?
False
Is 42 a factor of 1638?
True
Is 339 a factor of 41019?
True
Is 20252 a multiple of 3?
False
Is 88 a multiple of 6?
False
Is 83 a factor of 747?
True
Does 9 divide 2646?
True
Is 35 a factor of 1905?
False
Is 572 a multiple of 4?
True
Does 19 divide 2147?
True
Is 2854 a multiple of 10?
False
Is 66 a multiple of 6?
True
Is 72 a factor of 8784?
True
Is 58 a factor of 5278?
True
Is 9 a factor of 250?
False
Is 22 a factor of 638?
True
Is 6 a factor of 967?
False
Does 5 divide 388?
False
Does 7 divide 456?
False
Does 21 divide 539?
False
Is 1692 a multiple of 9?
True
Does 15 divide 888?
False
Is 9850 a multiple of 25?
True
Is 73 a factor of 10585?
True
Does 102 divide 55488?
True
Does 183 divide 48859?
False
Is 850 a multiple of 10?
True
Is 267 a multiple of 6?
False
Is 2268 a multiple of 36?
True
Does 14 divide 4746?
True
Is 297 even?
False
Is 34 a factor of 53763?
False
Does 56 divide 8502?
False
Is 57 a factor of 2508?
True
Is 31 a factor of 10007?
False
Does 11 divide 44625?
False
Is 1276 a multiple of 44?
True
Is 10919 a multiple of 11?
False
Is 49 a multiple of 2?
False
Is 6 a factor of 8338?
False
Does 40 divide 720?
True
Does 10 divide 23194?
False
Does 120 divide 7560?
True
Is 54 a multiple of 38?
False
Does 134 divide 13650?
False
Is 26670 a multiple of 10?
True
Is 5238 a multiple of 8?
False
Is 13 a factor of 12701?
True
Is 10424 a multiple of 42?
False
Is 60 a factor of 402?
False
Does 8 divide 60456?
True
Is 18 a multiple of 6?
True
Is 18515 a multiple of 39?
False
Is 13 a factor of 1647?
False
Does 16 divide 432?
True
Is 163 a factor of 18230?
False
Does 2 divide 6051?
False
Does 8 divide 352?
True
Does 17 divide 5183?
False
Does 43 divide 402?
False
Is 18 a factor of 11938?
False
Does 2 divide 1257?
False
Does 8 divide 3131?
False
Does 17 divide 19414?
True
Does 20 divide 1853?
False
Is 70 a factor of 509?
False
Is 3 a factor of 3247?
False
Is 2236 a multiple of 26?
True
Is 5 a factor of 650?
True
Is 18900 a multiple of 21?
True
Does 80 divide 1760?
True
Is 62 a multiple of 31?
True
Does 4 divide 6973?
False
Is 86653 a multiple of 48?
False
Does 5 divide 31680?
True
Does 8 divide 2367?
False
Does 44 divide 440?
True
Is 51 a multiple of 16?
False
Is 20 a factor of 47639?
False
Is 276 a multiple of 6?
True
Does 8 divide 210?
False
Is 2 a factor of 7168?
True
Is 53998 a multiple of 14?
True
Does 8 divide 1072?
True
Does 2 divide 313?
False
Is 12 a factor of 1283?
False
Is 4 a factor of 575?
False
Is 10824 a multiple of 66?
True
Is 29350 a multiple of 83?
False
Is 30 a factor of 6666?
False
Is 557 a multiple of 10?
False
Does 29 divide 55738?
True
Is 45 a factor of 11274?
False
Is 20 a factor of 130920?
True
Is 7 a factor of 413?
True
Is 23 a factor of 3611?
True
Does 38 divide 799?
False
Does 10 divide 59610?
True
Does 72 divide 11880?
True
Is 45 a factor of 2070?
True
Does 38 divide 1444?
True
Does 12 divide 97?
False
Does 46 divide 3404?
True
Is 112 a multiple of 14?
True
Is 42 a multiple of 14?
True
Does 145 divide 2717?
False
Is 34 a factor of 287?
False
Is 28911 a multiple of 36?
False
Is 4 a factor of 381?
False
Is 54 a factor of 15822?
True
Is 110 a factor of 39160?
True
Does 7 divide 2310?
True
Is 1815 a multiple of 7?
False
Is 56 a factor of 38286?
False
Is 32968 a multiple of 26?
True
Does 135 divide 6345?
True
Does 10 divide 720?
True
Is 34 a factor of 238?
True
Does 29 divide 10237?
True
Is 15530 a multiple of 3?
False
Is 7 a factor of 20?
False
Is 2595 a multiple of 173?
True
Is 555 a multiple of 37?
True
Is 7 a factor of 9513?
True
Is 6 a factor of 2416?
False
Does 22 divide 830?
False
Is 11492 a multiple of 98?
False
Does 12 divide 12?
True
Does 33 divide 330?
True
Is 1442 a multiple of 100?
False
Does 52 divide 55978?
False
Is 1185 a multiple of 79?
True
Is 41990 a multiple of 170?
True
Is 18 a factor of 6355?
False
Is 6374 a multiple of 46?
False
Is 1428 a multiple of 84?
True
Is 52 a multiple of 43?
False
Does 18 divide 1872?
True
Does 12 divide 96?
True
Is 74 a factor of 518?
True
Is 13 a factor of 27157?
True
Is 3042 a multiple of 117?
True
Is 17722 a multiple of 52?
False
Is 78 a multiple of 16?
False
Is 605 a multiple of 22?
False
Is 24 a factor of 1272?
True
Is 1829 a multiple of 31?
True
Is 10 a factor of 1910?
True
Does 9 divide 5180?
False
Is 22 a factor of 12076?
False
Does 46 divide 2714?
True
Is 2838 a multiple of 43?
True
Does 48 divide 31440?
True
Does 24 divide 13824?
True
Does 16 divide 54986?
False
Does 22 divide 83996?
True
Does 37 divide 1035?
False
Is 15 a multiple of 2?
False
Is 864 a multiple of 72?
True
Does 47 divide 29610?
True
Is 25 a factor of 713?
False
Is 64 a factor of 7604?
False
Does 26 divide 2704?
True
Is 70 a factor